t h be (7 + (-80)/16 + -3*2)/(-4). Determine p(h).
47
Let a(k) = -20*k**3 + 24*k**2 + 42*k + 11. Let r(v) = 11*v**3 - 13*v**2 - 23*v - 6. Let b(w) = -6*a(w) - 11*r(w). Let c = -7 + 9. Determine b(c).
-10
Suppose 5*z = 3*z + 6. Let f(w) = w - 15. Let p(s) = 22*s - 6. Let v(t) = 26*t - 12. Let q(j) = 7*p(j) - 6*v(j). Let b(c) = z*q(c) + 7*f(c). Give b(0).
-15
Let x(w) = 5*w**2 - 19*w + 4. Let i be x(4). Suppose -f = 9 - i. Let o(g) = 19*g + 1. What is o(f)?
-18
Suppose 5*j + 5*i - i = 447, j - 97 = 3*i. Let o = j - 86. Let a(x) = -8*x + 15*x - 8*x + 1. Determine a(o).
-4
Let w(f) = -3*f + 34. Let s be w(11). Suppose t - s = u, t = -2*t - u - 5. Let k(m) = 12*m**2 + m. What is k(t)?
11
Let u(l) = -48*l - 15320 + 15397 + 6*l. Calculate u(2).
-7
Let r(i) = -11*i - 1. Let s be 72/3*3/(-6)*-4. Suppose s*d = 42*d - 6. What is r(d)?
10
Let i(b) = 1 - 10 - b + 0*b - 8. Let w be i(15). Let a = w - -30. Let x(g) = 2*g**3 + g**2 - g + 2. Determine x(a).
-8
Let l(v) be the third derivative of -v**5/30 + v**4/6 - 2*v**3/3 + 2*v**2 - 1001. Give l(3).
-10
Let n(f) = -5*f**2 + f**3 + 2 - 1 + 2*f + 8 - 6. Suppose 3*w - 4 - 8 = 0. Give n(w).
-5
Let x(h) = h - 37. Let n(b) = -4*b - 73. Let v(a) = -3*n(a) + 7*x(a). What is v(2)?
-2
Suppose -p = -5*f + 19, 20*f - 24*f + 15 = -p. Let v(u) = 0*u - 2*u + 0*u + 6. Let m be v(f). Let j(r) = r - 1. Calculate j(m).
-3
Let x be 3/(-6)*3 - (-11)/(-2). Let s(w) = 5*w - 2. Let a(k) = 4*k - 1. Let d(y) = x*a(y) + 5*s(y). Suppose -2*z + 19 = -3*i + 1, 3*z = i + 13. What is d(z)?
-12
Let b(r) = -11*r - 55. Let x(d) = -2*d - 12. Let k(m) = b(m) - 5*x(m). Suppose -6*f = -2*f. Determine k(f).
5
Let y(k) = -k**3 + 5*k**2 + 33*k + 24. Let g be y(9). Let q(p) be the first derivative of p**2 - 3*p - 19. Give q(g).
-9
Let z(b) be the first derivative of -b**4/4 + 4*b**3/3 - 2*b**2 + 6*b - 48. Suppose 24 - 15 = 3*a. Suppose 0 = -y - 4*p + 4, -1 = -y + 2*p + a. Give z(y).
-10
Let a(q) = -9*q - 124. Let s be a(-14). Let t(v) = -5*v**2 - 9*v**2 + 6*v + 5*v**2 + 8*v**s. Determine t(8).
-16
Let j be (-3 - (21 - 12))*1/2. Let l(t) be the second derivative of 1/12*t**4 + 5/6*t**3 + 0 + 5/2*t**2 - 2*t. Calculate l(j).
11
Let d(y) = -y**3 - 22*y**2 - 22*y - 24. Suppose -7*o + 8*o = 5*h - 25, -2*h + 3*o + 23 = 0. Suppose -19*v - 315 = -h*v. Determine d(v).
-3
Let l(p) = -109*p**3 + 22*p**2 + p + 22. Let b(q) = 37*q**3 - 8*q**2 - 8. Let t(g) = 8*b(g) + 3*l(g). Give t(-1).
32
Let t be -131*-3*(-6)/18. Let v = 122 + t. Let q(j) = -j**2 - 8*j + 4. Determine q(v).
-5
Let s(l) = l**3 + 16*l**2 + 11*l - 63. Let x be s(-15). Let y(d) be the second derivative of -d**3/2 - 2*d**2 - d - 6. Give y(x).
5
Let a(y) = y**3 - 5*y**2 - 3*y + 3. Let i = 4397 - 4393. Determine a(i).
-25
Let p(q) be the third derivative of q**6/120 - q**5/10 - q**4/8 + 3*q**3/2 - 2891*q**2. Let n = -4 - -10. What is p(n)?
-9
Let i(w) = -10*w + 280. Let a be i(26). Let h(v) = -v**2 + 18*v + 6. Determine h(a).
-34
Let d(u) be the third derivative of u**7/2520 - u**6/120 - 11*u**4/24 - 2*u**3/3 + 41*u**2. Let z(p) be the second derivative of d(p). Calculate z(5).
-5
Let v(s) be the second derivative of s**4/12 - 2*s**3/3 - s**2/2 - 250*s. Calculate v(7).
20
Let m = -12018 - -12017. Let z(d) = -13*d**2 - 1. Give z(m).
-14
Let p(v) be the second derivative of 0 + 31/12*v**4 - 1/360*v**6 - 1/120*v**5 + 0*v**3 + 21*v + 0*v**2. Let y(z) be the third derivative of p(z). What is y(-3)?
5
Let j be 3*2*((-192)/18)/(-16). Let p(s) = 5*s + 48 - 66 - j*s - s**3 + 13*s**2. Calculate p(13).
-5
Let v(s) be the third derivative of s**5/60 - s**4/2 + 2*s**3/3 - 2*s**2. Let a be (-4)/(-30)*-3*1540/(-56). What is v(a)?
-7
Let d(t) be the second derivative of 37*t + 3/2*t**3 + 1/20*t**5 - 7/2*t**2 - 3/4*t**4 - 2. Determine d(8).
1
Let q(v) = 4*v + 63. Let d be q(-12). Let g be 18/d - 21/5. Let u(c) = c**2 - 2*c + 2. Calculate u(g).
17
Let j(g) be the second derivative of -g - 3/2*g**2 + 0 + 1/3*g**3. Suppose 57*s + 39181 = 39466. Calculate j(s).
7
Let c(m) = -40*m**3 - 14*m**2 + 17*m + 20. Let p(z) = 15*z**3 + 5*z**2 - 6*z - 7. Let v(q) = 4*c(q) + 11*p(q). Calculate v(3).
135
Let f(i) be the first derivative of i**5/24 + i**4/12 + 67*i**3/3 + i**2 - 196. Let z(x) be the third derivative of f(x). Suppose v + 0*v = -2. Calculate z(v).
-8
Let a(d) be the second derivative of d**5/30 + d**4/4 + 5*d**3/6 + 4*d**2 + 29*d. Let y(v) be the first derivative of a(v). Let p = 27 + -31. Determine y(p).
13
Let x(p) be the first derivative of p**4/2 + 2*p**3/3 - p**2 - 3*p + 1353. Give x(-1).
-1
Let k(b) be the first derivative of -3*b**2/2 + b - 52. Let c(n) = 2*n. Let g(q) = 4*c(q) + 3*k(q). Calculate g(3).
0
Let f(s) be the second derivative of -5*s**4/12 + 5*s**3/6 - 2*s**2 - 81*s. Give f(-4).
-104
Let i(r) be the first derivative of -63*r**2/2 - 3*r - 3234. Calculate i(1).
-66
Let c(t) = 2*t - 4. Suppose -h = l + 22, 5*h + 2*l = -26 - 72. Let d be (-15)/6 - 2/4. Let j be (-15)/6 - d - h/4. Give c(j).
6
Let z be (45/(-18))/((-5)/12). Let g(k) = -12 + z*k**2 - 7*k**2 + 15. Give g(-2).
-1
Let v(x) be the third derivative of -x**5/60 - x**4/12 + x**3/6 - 4*x**2. Let d = -67 + 75. Suppose 2*c = 4*o - d, 3*c + o = 2*o - 12. Determine v(c).
-7
Suppose 0 = -2*j + 3*d, -5*j - 7 = -4*j + 2*d. Let w(a) be the second derivative of 3/2*a**2 + 0 + 1/6*a**3 - 149*a. Calculate w(j).
0
Suppose 0 = -5*b, -6*b = 5*j - 5*b + 45. Let m(p) = p**3 - 2*p**2 + 2*p. Let d be m(2). Let h(k) = d - k - 2 + 2 - 1 - 7. Determine h(j).
5
Let v(k) = -5*k**2 + 36*k**3 + k - 35*k**3 + k. Suppose 3*l - 1 - 4 = -d, -3*d - 18 = -2*l. What is v(l)?
-12
Let o = -1234 - -1226. Let w(f) be the first derivative of 3*f**2/2 + 12*f + 10. Determine w(o).
-12
Suppose c = 3*c. Suppose 5*m - 102 = 3. Let v(y) = -1 - m + y + 13. What is v(c)?
-9
Let j(q) be the second derivative of -1/2*q**2 - 1/6*q**3 - 1/12*q**4 + 2*q + 0. Let k(x) = -x**2 + 146*x + 4669. Let y be k(-27). Determine j(y).
-3
Let r(o) = 2*o**3 - o**3 - 38*o + 35*o + 0*o**3 + 0 + 2. Suppose -3*c + 11 = -m - 4*m, 0 = -2*m - 8. Calculate r(c).
-16
Let r(a) be the second derivative of a**4/12 - a**3 + 15*a**2/2 - 805*a. What is r(4)?
7
Let l(n) = n**3 - 5*n**2 - 8*n + 16. Let c(b) = -b**3 - 11*b**2 - 40*b - 433. Let z be c(-11). Determine l(z).
58
Let p(f) be the first derivative of f**6/120 - 3*f**5/20 - f**4/12 - 4*f**3/3 + 171*f**2 + 31. Let n(t) be the second derivative of p(t). Give n(9).
-26
Let m(y) be the third derivative of -y**5/20 - y**4/4 - 3*y**3/2 + 2842*y**2. Give m(-6).
-81
Let z be 20535/25 + 4/(-10). Let d(l) = -814 + 11*l + l**2 - 3*l**2 + 3*l**2 + z. Let n = -21 + 11. Determine d(n).
-3
Let o(r) = -4*r**2 + 14*r + 11. Let s be o(4). Suppose 35 = -5*i + 2*d, -3*i + 5*d - s*d - 21 = 0. Let t(j) = -j**2 - 7*j - 8. Calculate t(i).
-8
Let r(m) = m**2 - 12*m + 15. Suppose 227*b + 650 = 277*b. Determine r(b).
28
Let d be ((-28)/35)/((-21)/((-25935)/(-38))). Let c(a) = a**2 - 21*a - 39. Give c(d).
91
Let l be -1*(-10)/(-4)*-2. Suppose -31*y = -17 - 45. Let k(s) = -2 + 19*s**y - 32*s**2 + 14*s**2 - s - 2. What is k(l)?
16
Let s(i) = -2*i**3 + i**2 + i. Let l(b) = 4*b**3 - 5*b + 1. Let h(f) = l(f) + 3*s(f). What is h(2)?
-7
Let j(k) = 15*k**2 - 64404 - 3*k**2 - 2*k**3 + 64424 + 3*k**3 - 25*k. Give j(-14).
-22
Let o be ((-5492)/4119)/(((-16)/90)/(-2)). Let j(u) = u**3 + 14*u**2 - 18*u - 19. Give j(o).
26
Let j(n) = n**3 + 26*n**2 - 4*n + 37. Let a be j(-26). Suppose -a*r - 4 = -139*r. Let p(d) = 4*d. Give p(r).
-8
Let h(u) = -2*u**3 - 7*u**2 - u + 7. Let d(a) = 5*a**3 + 15*a**2 + 2*a - 16. Let x(p) = -3*d(p) - 7*h(p). Let o = 44 - 41. Calculate x(o).
11
Suppose -3*g + 15*i + 17 = 11*i, -g + 3*i = -9. Let d(j) be the second derivative of 1/6*j**g + 0 - j + 1/2*j**2 + 9/20*j**5 + 1/12*j**4. Give d(-1).
-8
Let c(x) = 27*x - 8. Let n(m) = -92*m + 31. Let l(a) = -14*c(a) - 4*n(a). Calculate l(-7).
58
Suppose -a + 7 = -3*i, 102*i + a = 107*i + 15. Let d(x) = -x**2 + 11*x + 4. What is d(i)?
-56
Let l(q) = 3373*q - 3380*q - 19*q**2 - 25 + 20*q**2. Give l(12).
35
Let d(p) = 2*p**3 - 18*p**2 + 45*p - 59. Let g be d(6). Let s(r) = -9*r - 7. What is s(g)?
38
Let g(v) be the second derivative of -16*v**3/3 - 47*v**2 - 366*v + 3. Give g(-3).
2
Let z(j) = 6*j. Let t(p) = 2*p. Let q be 12 + (-8)/20*-5. Su